4
Let c(z) = -z**2 - 6*z - 3. Let o be c(-5). Let m be ((-36)/o + 0)*-2. Suppose -12 - m = -3*g. What is the units digit of g?
6
Suppose 0 = 2*k - 318 - 328. What is the hundreds digit of k?
3
Let g be (18/(3 + 3))/((-6)/(-4)). What is the tens digit of (-29)/2*-5*g/1?
4
Let d(f) = 41*f**2 - f - 5. What is the units digit of d(-5)?
5
Let i(n) = -4*n + 18. Let z be i(5). What is the tens digit of (255/z)/5*60/(-18)?
8
Let d = 1739 + -1022. Suppose 5*l + j - 443 - d = 0, -3*l + 5*j = -696. What is the tens digit of l?
3
Let u be (15/5)/(-15) + (-31)/(-5). Suppose -3*w = u*w - 855. What is the tens digit of w?
9
Suppose 5*u + 0*d - 2790 = -10*d, 2*u - 5*d = 1080. What is the hundreds digit of u?
5
Suppose 4*f + 102 = 3*a, -2*a + 5*f + 34 = -a. Let n(t) = -32*t + t**3 + 64*t - a*t - 3 + 8*t**2. What is the tens digit of n(-8)?
1
Let a be (3 + -7)*6/(-8). Suppose -1 = -m + a. What is the units digit of m/6 + 7/3?
3
Suppose 11571 = 58*z - 51*z. What is the units digit of z?
3
Let h be ((-12)/9)/(3/45). What is the tens digit of (108/10)/((-2)/h)?
0
Let q(m) = 4*m**2 - 4*m + 2. Let f be q(2). Let w = 12 - f. Suppose w*h - 4*j - 18 = 0, -h = -5*j + 2 + 4. What is the tens digit of h?
1
Suppose 2*f + 2 = 12. Let a(p) = p**3 - 5*p**2 + 5*p - 2. What is the units digit of a(f)?
3
Let q(j) = -j**3 + j - 5. Let h be q(-3). Suppose m + 2 = h. Suppose g - m - 28 = 0. What is the units digit of g?
5
Let i be (18/4)/(3/8). Let y(s) = i - 5 + 3*s**2 - 11*s - s**2. What is the units digit of y(7)?
8
Let x(c) = -7*c + 1. Let z be x(-1). Suppose 25*r = 29*r - z. Suppose r*t + t - 87 = 0. What is the units digit of t?
9
Suppose 5*m - 10 = 130. Suppose -4*i = 2*d - 4, -i + m = -3*d - d. Let a(c) = -c**2 - 8*c - 9. What is the units digit of a(d)?
3
Let m(z) be the first derivative of -11*z**2/2 + 12*z - 17. What is the hundreds digit of m(-13)?
1
Suppose -b + 3 = -6. What is the tens digit of b/((-1)/(-8)*1)?
7
Let y(s) = s**3 - 6*s**2 + s - 7. Let b be 33/6 + (-2)/(-4). Let c be y(b). Let m = 3 + c. What is the units digit of m?
2
Let r be (3 - 76/20)*-365. Suppose -78*b + 76*b = -r. What is the tens digit of b?
4
Suppose b + 3*b + 120 = -4*m, 3*b = 4*m + 113. Let s = m - -37. What is the units digit of s?
8
Let o = 839 + 154. What is the hundreds digit of o?
9
Let v(x) be the first derivative of -1 + 2*x**2 + 4*x + 1/3*x**3. What is the units digit of v(-3)?
1
Let j = -12 + 14. Suppose 0*m = -m + j. What is the units digit of m - 15*6/(-3)?
2
Suppose 0 = -4*q - 15 + 7. Let t be 2*(q - (-12)/(-8)). Let b(p) = p**3 + 6*p**2 - 6*p + 10. What is the units digit of b(t)?
3
Let o be (-8)/(-132)*3 + 53/11. Suppose 0 = -o*n + 3*d + 291, -5*n = -7*n - 3*d + 108. What is the tens digit of n?
5
Let x = -110 - -1141. What is the units digit of x?
1
Suppose -3*w = 3*t - t - 1, 3*t - 4*w - 10 = 0. Suppose 0*i + t*i = 290. What is the tens digit of i?
4
Let m(v) = 91*v - 12. Let u be m(6). Let t = u + -258. What is the hundreds digit of t?
2
Let t = 11 + -16. Let x = t - -8. Suppose x*y = -0*y + 102. What is the tens digit of y?
3
What is the tens digit of 3/6 - 23075/(-10)?
0
Let r(w) = 191*w + 8. What is the tens digit of r(1)?
9
Let m(x) = 17*x + 5. What is the tens digit of m(8)?
4
Suppose -20*m + 15*m = 45. What is the tens digit of (-4)/(-16) - m/12 - -17?
1
Let t = -1172 + 4008. What is the units digit of t?
6
What is the hundreds digit of (-100)/(-60)*(-3786)/(-5)?
2
Suppose 2*p = 3*v + 5 + 7, -20 = 5*p + 5*v. Suppose p = 5*q + 6*s - 2*s + 72, -q = -5*s + 26. What is the units digit of q/10*(-20 - 0)?
2
Suppose -33*k = -31*k - 8. Suppose 244 = -0*n + k*n. What is the units digit of n?
1
Let z = 65 + -33. Let b = 57 - z. What is the tens digit of b?
2
Suppose -q = -4*u + 9, -3*u + 4 = -4*q + 7. Suppose 5*a = 0, q*f - 2*a - a = 0. Suppose i - 11 + 1 = f. What is the tens digit of i?
1
Let h = -3 + 10. Let a = h + -6. What is the units digit of (a - 22*-1) + 0?
3
Let b be (-39)/6 + (-1)/(-2). Let a(g) = 3*g**2 + 4 + g**3 + 2 - 5*g**2 + 8*g**2. What is the units digit of a(b)?
6
Suppose -3*r = -212 - 883. What is the tens digit of r?
6
Let b(d) = -364*d**3 + 4*d**2 - 2. Let m be b(-1). Let p = 569 - m. What is the hundreds digit of p?
2
Suppose 5*y + 4*l = 3787, y - 3*l - 951 = -186. What is the tens digit of y?
5
Suppose 56*t - 11304 = 50*t. What is the hundreds digit of t?
8
Let n(v) = 23*v - 73. What is the units digit of n(5)?
2
What is the hundreds digit of -6 + ((-32)/(-1))/((-32)/(-4656))?
6
Suppose 0*z + 15 = 4*d - z, -3*d - 6 = 5*z. What is the units digit of d/(-2)*2 + (-406)/(-2)?
0
Suppose 24 - 4 = -4*y, 3*q + 3*y - 1170 = 0. What is the tens digit of q?
9
Suppose 3*g = -5*s - g - 16, -g = -4*s - 17. Let w(n) = n**3 + 4*n**2 - 3*n - 4. Let k be w(s). Suppose p = -k + 38. What is the units digit of p?
0
Let w(r) = r**3 - r**2 - 2*r + 2. Let j be w(2). Let o be 1/(5/20) - -19. Suppose -j*f = -f - o. What is the units digit of f?
3
Let v = -6 - -12. Suppose -v*y + 158 = n - 4*y, -3*n - 3*y + 474 = 0. What is the tens digit of n?
5
Suppose 10 = -d - 4*d. Let y be 7 - d/((-4)/4). Suppose 0 = -5*m + y*t + 140, -2*m - t = m - 88. What is the tens digit of m?
2
Let v(d) = 18*d**3 - 14*d**2 + 4*d + 1. What is the hundreds digit of v(4)?
9
Suppose -17*t = -14*t - 21. Suppose -13*r = -t*r - 258. What is the units digit of r?
3
Suppose 996*f = 1005*f - 32706. What is the units digit of f?
4
Let v(u) = u**3 - 2*u**2 - u + 113. Let m = 45 + -45. What is the hundreds digit of v(m)?
1
Let u = -715 - -1719. What is the units digit of u?
4
Let b be 1 - (-2 + -169) - 0. Suppose -b + 56 = -g. What is the tens digit of g?
1
Suppose -5*t + 13525 = 5*y, 2*t + 0*t = 3*y + 5430. What is the units digit of t?
9
Let g be 2 + -85 + 1/((-2)/(-2)). Let p = g - -100. What is the tens digit of p?
1
Let c(b) = 83*b + 24. Let h be c(-6). What is the units digit of ((-81)/12)/(-9) - h/8?
0
Let x = -141 + 199. Suppose j - 3*j - 2*k = -x, 0 = 4*j + 5*k - 118. Let q = j + -7. What is the tens digit of q?
2
Let t(a) = 77*a**2 + 25*a - 80. What is the hundreds digit of t(3)?
6
Suppose 4*j - 1 = -2*i - 7, -2*i = -3*j + 6. Suppose -5*a + 716 = -k, j*a - k + 292 = 2*a. What is the units digit of a?
4
Let l(f) = -182*f + 22. What is the tens digit of l(-2)?
8
Suppose 0 = -287*w + 282*w + 8100. Suppose -86*g = -91*g + w. What is the hundreds digit of g?
3
What is the tens digit of (0 - -2 - 1) + (77 - -3)?
8
Let n(w) = -7*w**3 - 3*w**2 + 2*w - 6. Let y be n(-3). Let t = y - 71. What is the tens digit of t?
7
Let j = 14 - -63. Let g be 2 - (0 + 6/(-3)). Suppose j = 5*k + a, -3*k + 11 = -g*a - 26. What is the units digit of k?
5
Suppose -5*k - 27 = 2*z - 6*z, -k - 7 = -z. Let h = z + 101. What is the units digit of h?
9
Suppose 9*o - 34*o = -32700. What is the units digit of o?
8
Suppose 18*n = 1627 + 25175. What is the thousands digit of n?
1
Let u(v) = -v**2 + 8*v + 5. Let c be u(8). Suppose 0 = 2*l - c*l + 96. What is the tens digit of l?
3
Suppose -6*d = -2045 - 1651. What is the units digit of d?
6
Suppose 0 = -4*c + 2*w + 92, 0 = 2*w + 2*w. Let o be (-3)/5 + c/5. Suppose l + 40 = o*b - l, 4*b = -5*l + 40. What is the tens digit of b?
1
Suppose 2*w - 23 = -h + 4*w, -5*h + 99 = -2*w. Let o = h + -15. Suppose o*j - 84 = -2*m, -j + m + 39 = -3*m. What is the tens digit of j?
2
Let w be (12/(-15))/(1/5). What is the tens digit of ((-6)/(-9))/(w/(-378))?
6
Let d be ((-3)/6*6)/(-1). Suppose 2*i + 2*s = -10, d*i + 3*s + 20 = -s. Suppose -78 = -2*t - l, i*l + 195 = 5*t - 3*l. What is the tens digit of t?
3
Suppose 0*s - 5*b + 2 = -2*s, -5*s = -2*b - 16. Suppose 0*a - 32 = -s*a. What is the units digit of (4/(-10))/(a/(-360))?
8
Suppose 2*h + 0*h = 20. Suppose -h*o + 11*o - 5 = 0. Suppose 5*z = -3*j + 18 + 8, 4*z - o*j - 43 = 0. What is the units digit of z?
7
Suppose -470 = -2*u + 5*z, -z + 2 - 4 = 0. Suppose 3*n - 88 - u = 0. What is the hundreds digit of n?
1
Suppose 6*g - 8 = -2*g. What is the units digit of 1608/30 - (21/(-15) + g)?
4
Let d(f) = 28*f**2 - 2*f. Let t be d(-2). Let s = t + -43. What is the tens digit of s?
7
Let t(q) = q**3 + 86*q**2 - 43*q**2 - 42*q**2 + 3 + q. What is the units digit of t(3)?
2
Let n(t) = -10*t**2 - t + 1. Let v(h) = -h**3 + 1. Let z(y) = n(y) - 2*v(y). What is the tens